{"id":7572,"date":"2016-11-23T12:52:59","date_gmt":"2016-11-23T10:52:59","guid":{"rendered":"http:\/\/www.lespolissonsdelachanson.fr\/outil\/?page_id=7572"},"modified":"2023-02-18T00:44:56","modified_gmt":"2023-02-17T23:44:56","slug":"2016-a-plumes-a-poils","status":"publish","type":"page","link":"http:\/\/www.lespolissonsdelachanson.fr\/outil\/?page_id=7572","title":{"rendered":"2016-17 A Plumes \u00e0 Poils"},"content":{"rendered":"<h1>NOVEMBRE 2016 : Salle Kercaradec \u00e0 St-Gildas-de-Rhuys<\/h1>\n<p style=\"text-align: center;\"><img loading=\"lazy\" decoding=\"async\" class=\"aligncenter size-large wp-image-7573\" title=\"2016-cabaret-poil-plume-definitif-kercaradec\" src=\"http:\/\/www.lespolissonsdelachanson.fr\/outil\/wp-content\/uploads\/2016\/11\/2016-cabaret-poil-plume-definitif-kercaradec-723x1024.jpg\" alt=\"2016-cabaret-poil-plume-definitif-kercaradec\" width=\"578\" height=\"819\" srcset=\"http:\/\/www.lespolissonsdelachanson.fr\/outil\/wp-content\/uploads\/2016\/11\/2016-cabaret-poil-plume-definitif-kercaradec-723x1024.jpg 723w, http:\/\/www.lespolissonsdelachanson.fr\/outil\/wp-content\/uploads\/2016\/11\/2016-cabaret-poil-plume-definitif-kercaradec-106x150.jpg 106w, http:\/\/www.lespolissonsdelachanson.fr\/outil\/wp-content\/uploads\/2016\/11\/2016-cabaret-poil-plume-definitif-kercaradec-212x300.jpg 212w, http:\/\/www.lespolissonsdelachanson.fr\/outil\/wp-content\/uploads\/2016\/11\/2016-cabaret-poil-plume-definitif-kercaradec.jpg 1240w\" sizes=\"auto, (max-width: 578px) 100vw, 578px\" \/><\/p>\n<p><img loading=\"lazy\" decoding=\"async\" class=\"aligncenter size-large wp-image-7577\" title=\"programme-cabaret-nov-2016\" src=\"http:\/\/www.lespolissonsdelachanson.fr\/outil\/wp-content\/uploads\/2016\/11\/programme-cabaret-nov-2016-1024x724.jpg\" alt=\"programme-cabaret-nov-2016\" width=\"614\" height=\"434\" srcset=\"http:\/\/www.lespolissonsdelachanson.fr\/outil\/wp-content\/uploads\/2016\/11\/programme-cabaret-nov-2016-1024x724.jpg 1024w, http:\/\/www.lespolissonsdelachanson.fr\/outil\/wp-content\/uploads\/2016\/11\/programme-cabaret-nov-2016-150x106.jpg 150w, http:\/\/www.lespolissonsdelachanson.fr\/outil\/wp-content\/uploads\/2016\/11\/programme-cabaret-nov-2016-300x212.jpg 300w, http:\/\/www.lespolissonsdelachanson.fr\/outil\/wp-content\/uploads\/2016\/11\/programme-cabaret-nov-2016.jpg 1123w\" sizes=\"auto, (max-width: 614px) 100vw, 614px\" \/><\/p>\n<p style=\"text-align: center;\"><img loading=\"lazy\" decoding=\"async\" class=\"aligncenter size-full wp-image-7592\" title=\"dsc00954\" src=\"http:\/\/www.lespolissonsdelachanson.fr\/outil\/wp-content\/uploads\/2016\/11\/dsc00954.jpg\" alt=\"dsc00954\" width=\"553\" height=\"293\" srcset=\"http:\/\/www.lespolissonsdelachanson.fr\/outil\/wp-content\/uploads\/2016\/11\/dsc00954.jpg 1024w, http:\/\/www.lespolissonsdelachanson.fr\/outil\/wp-content\/uploads\/2016\/11\/dsc00954-150x79.jpg 150w, http:\/\/www.lespolissonsdelachanson.fr\/outil\/wp-content\/uploads\/2016\/11\/dsc00954-300x158.jpg 300w\" sizes=\"auto, (max-width: 553px) 100vw, 553px\" \/><\/p>\n<p style=\"text-align: center;\"><img loading=\"lazy\" decoding=\"async\" class=\"aligncenter size-full wp-image-7594\" title=\"dsc00979\" src=\"http:\/\/www.lespolissonsdelachanson.fr\/outil\/wp-content\/uploads\/2016\/11\/dsc00979.jpg\" alt=\"dsc00979\" width=\"553\" height=\"369\" srcset=\"http:\/\/www.lespolissonsdelachanson.fr\/outil\/wp-content\/uploads\/2016\/11\/dsc00979.jpg 1024w, http:\/\/www.lespolissonsdelachanson.fr\/outil\/wp-content\/uploads\/2016\/11\/dsc00979-150x100.jpg 150w, http:\/\/www.lespolissonsdelachanson.fr\/outil\/wp-content\/uploads\/2016\/11\/dsc00979-300x200.jpg 300w\" sizes=\"auto, (max-width: 553px) 100vw, 553px\" \/><\/p>\n<p style=\"text-align: center;\"><img loading=\"lazy\" decoding=\"async\" class=\"aligncenter size-full wp-image-7595\" title=\"dsc01012\" src=\"http:\/\/www.lespolissonsdelachanson.fr\/outil\/wp-content\/uploads\/2016\/11\/dsc01012.jpg\" alt=\"dsc01012\" width=\"553\" height=\"311\" srcset=\"http:\/\/www.lespolissonsdelachanson.fr\/outil\/wp-content\/uploads\/2016\/11\/dsc01012.jpg 1024w, http:\/\/www.lespolissonsdelachanson.fr\/outil\/wp-content\/uploads\/2016\/11\/dsc01012-150x84.jpg 150w, http:\/\/www.lespolissonsdelachanson.fr\/outil\/wp-content\/uploads\/2016\/11\/dsc01012-300x168.jpg 300w\" sizes=\"auto, (max-width: 553px) 100vw, 553px\" \/><\/p>\n<p><em><strong>LE COIN PRESSE<\/strong><\/em><\/p>\n<p style=\"text-align: center;\"><img loading=\"lazy\" decoding=\"async\" class=\"aligncenter size-large wp-image-7581\" title=\"ouest-france-14-nov\" src=\"http:\/\/www.lespolissonsdelachanson.fr\/outil\/wp-content\/uploads\/2016\/11\/ouest-france-14-nov-988x1024.jpg\" alt=\"ouest-france-14-nov\" width=\"561\" height=\"581\" srcset=\"http:\/\/www.lespolissonsdelachanson.fr\/outil\/wp-content\/uploads\/2016\/11\/ouest-france-14-nov-988x1024.jpg 988w, http:\/\/www.lespolissonsdelachanson.fr\/outil\/wp-content\/uploads\/2016\/11\/ouest-france-14-nov-144x150.jpg 144w, http:\/\/www.lespolissonsdelachanson.fr\/outil\/wp-content\/uploads\/2016\/11\/ouest-france-14-nov-289x300.jpg 289w, http:\/\/www.lespolissonsdelachanson.fr\/outil\/wp-content\/uploads\/2016\/11\/ouest-france-14-nov.jpg 1305w\" sizes=\"auto, (max-width: 561px) 100vw, 561px\" \/><\/p>\n<p style=\"text-align: center;\"><img loading=\"lazy\" decoding=\"async\" class=\"aligncenter size-large wp-image-7586\" title=\"telegramme-14-nov\" src=\"http:\/\/www.lespolissonsdelachanson.fr\/outil\/wp-content\/uploads\/2016\/11\/telegramme-14-nov-1024x925.jpg\" alt=\"telegramme-14-nov\" width=\"553\" height=\"500\" srcset=\"http:\/\/www.lespolissonsdelachanson.fr\/outil\/wp-content\/uploads\/2016\/11\/telegramme-14-nov-1024x925.jpg 1024w, http:\/\/www.lespolissonsdelachanson.fr\/outil\/wp-content\/uploads\/2016\/11\/telegramme-14-nov-150x135.jpg 150w, http:\/\/www.lespolissonsdelachanson.fr\/outil\/wp-content\/uploads\/2016\/11\/telegramme-14-nov-300x271.jpg 300w, http:\/\/www.lespolissonsdelachanson.fr\/outil\/wp-content\/uploads\/2016\/11\/telegramme-14-nov.jpg 1211w\" sizes=\"auto, (max-width: 553px) 100vw, 553px\" \/><\/p>\n<h1>FEVRIER 2017 : Salle Armorique \u00e0 Sarzeau<\/h1>\n<p><img loading=\"lazy\" decoding=\"async\" class=\"aligncenter size-large wp-image-7798\" title=\"2016-cabaret-poil-plume-definitif-armorique\" src=\"http:\/\/www.lespolissonsdelachanson.fr\/outil\/wp-content\/uploads\/2017\/03\/2016-cabaret-poil-plume-definitif-armorique-723x1024.jpg\" alt=\"2016-cabaret-poil-plume-definitif-armorique\" width=\"557\" height=\"789\" srcset=\"http:\/\/www.lespolissonsdelachanson.fr\/outil\/wp-content\/uploads\/2017\/03\/2016-cabaret-poil-plume-definitif-armorique-723x1024.jpg 723w, http:\/\/www.lespolissonsdelachanson.fr\/outil\/wp-content\/uploads\/2017\/03\/2016-cabaret-poil-plume-definitif-armorique-106x150.jpg 106w, http:\/\/www.lespolissonsdelachanson.fr\/outil\/wp-content\/uploads\/2017\/03\/2016-cabaret-poil-plume-definitif-armorique-212x300.jpg 212w, http:\/\/www.lespolissonsdelachanson.fr\/outil\/wp-content\/uploads\/2017\/03\/2016-cabaret-poil-plume-definitif-armorique.jpg 1240w\" sizes=\"auto, (max-width: 557px) 100vw, 557px\" \/><\/p>\n<p><em><strong>LE COIN PRESSE<\/strong><\/em><\/p>\n<p style=\"text-align: center;\"><img loading=\"lazy\" decoding=\"async\" class=\"aligncenter size-large wp-image-7810\" title=\"ouest-france-3-mars-2017\" src=\"http:\/\/www.lespolissonsdelachanson.fr\/outil\/wp-content\/uploads\/2017\/03\/ouest-france-3-mars-2017-702x1024.jpg\" alt=\"ouest-france-3-mars-2017\" width=\"562\" height=\"819\" srcset=\"http:\/\/www.lespolissonsdelachanson.fr\/outil\/wp-content\/uploads\/2017\/03\/ouest-france-3-mars-2017-702x1024.jpg 702w, http:\/\/www.lespolissonsdelachanson.fr\/outil\/wp-content\/uploads\/2017\/03\/ouest-france-3-mars-2017-102x150.jpg 102w, http:\/\/www.lespolissonsdelachanson.fr\/outil\/wp-content\/uploads\/2017\/03\/ouest-france-3-mars-2017-205x300.jpg 205w, http:\/\/www.lespolissonsdelachanson.fr\/outil\/wp-content\/uploads\/2017\/03\/ouest-france-3-mars-2017.jpg 1302w\" sizes=\"auto, (max-width: 562px) 100vw, 562px\" \/><\/p>\n<p style=\"text-align: center;\"><img loading=\"lazy\" decoding=\"async\" class=\"aligncenter size-large wp-image-7813\" title=\"telegramme-2-mars-2017\" src=\"http:\/\/www.lespolissonsdelachanson.fr\/outil\/wp-content\/uploads\/2017\/03\/telegramme-2-mars-2017-920x1024.jpg\" alt=\"telegramme-2-mars-2017\" width=\"580\" height=\"645\" srcset=\"http:\/\/www.lespolissonsdelachanson.fr\/outil\/wp-content\/uploads\/2017\/03\/telegramme-2-mars-2017-920x1024.jpg 920w, http:\/\/www.lespolissonsdelachanson.fr\/outil\/wp-content\/uploads\/2017\/03\/telegramme-2-mars-2017-134x150.jpg 134w, http:\/\/www.lespolissonsdelachanson.fr\/outil\/wp-content\/uploads\/2017\/03\/telegramme-2-mars-2017-269x300.jpg 269w, http:\/\/www.lespolissonsdelachanson.fr\/outil\/wp-content\/uploads\/2017\/03\/telegramme-2-mars-2017.jpg 1261w\" sizes=\"auto, (max-width: 580px) 100vw, 580px\" \/><\/p>\n<header class=\"article__header non-paywall\">\n<h1 class=\"article__header__title\">Cabaret. \u00ab \u00c0 plumes et \u00e0 poils \u00bb samedi et dimanche<\/h1>\n<p><span class=\"article__header__date\">Le T\u00e9l\u00e9gramme, Publi\u00e9 le 24 f\u00e9vrier 2017 \u00e0 00h00<\/span><\/p>\n<\/header>\n<p>&nbsp;<\/p>\n<figure class=\"article__main__figure non-paywall\"><img decoding=\"async\" class=\"article__main__img\" title=\"\" src=\"https:\/\/www.letelegramme.fr\/images\/2017\/02\/24\/derniere-repetition-avant-le-jour-j-pour-le-cabaret-propose_3307302.jpg\" alt=\"Derni\u00e8re r\u00e9p\u00e9tition avant le jour J, pour le cabaret propos\u00e9 par les Poly'sons de Rhuys.\"><figcaption class=\"article__main__figcaption\">Derni\u00e8re r\u00e9p\u00e9tition avant le jour J, pour le cabaret propos\u00e9 par les Poly&rsquo;sons de Rhuys.<\/figcaption><\/figure>\n<div class=\"article__main__wrapper\">\n<div class=\"article__wrapper__content\">\n<div class=\"article__content noscript paywall\" data-poool=\"55\" data-poool-mode=\"hide\">\n<p><span class=\"lettrine\">C<\/span>&lsquo;est en retrouvant leur \u00e2me d&rsquo;enfant que les Poly&rsquo;sons de Rhuys vont refaire l&rsquo;Arche de No\u00e9, samedi 25 \u00e0 20 h 30, et dimanche 26 f\u00e9vrier, \u00e0 15 h, salle Armorique du centre culturel l&rsquo;Hermine de Sarzeau. Les sentiments humains seront mis en sc\u00e8ne gr\u00e2ce \u00e0 des chansons sur les animaux, rendues c\u00e9l\u00e8bres par de grands interpr\u00e8tes tels que Mireille Mathieu, Nolwenn Leroy, Jacques Brel, Les Fr\u00e8res Jacques, Michel Fugain et bien d&rsquo;autres&#8230; Que vous soyez malin comme un singe, rus\u00e9 comme un renard ou gai comme un pinson, venez dans la joie et la bonne humeur, vous sentir heureux comme un poisson dans l&rsquo;eau. Les choristes seront accompagn\u00e9s par Guy Martin au clavier, Christian Tual et Raoul Ragot \u00e0 la guitare, Vincent Collinot \u00e0 la batterie.<\/p>\n<\/div>\n<div id=\"poool-widget\">&nbsp;<\/div>\n<\/div>\n<\/div>\n<p>&nbsp;<\/p>\n","protected":false},"excerpt":{"rendered":"<p>NOVEMBRE 2016 : Salle Kercaradec \u00e0 St-Gildas-de-Rhuys LE COIN PRESSE FEVRIER 2017 : Salle Armorique \u00e0 Sarzeau LE COIN PRESSE Cabaret. \u00ab \u00c0 plumes et \u00e0 poils \u00bb samedi et dimanche Le T\u00e9l\u00e9gramme, Publi\u00e9 le 24 f\u00e9vrier 2017 \u00e0 00h00 &nbsp; Derni\u00e8re r\u00e9p\u00e9tition avant le jour J, pour le cabaret propos\u00e9 par les Poly&rsquo;sons de &hellip; <\/p>\n<p class=\"link-more\"><a href=\"http:\/\/www.lespolissonsdelachanson.fr\/outil\/?page_id=7572\" class=\"more-link\">Continuer la lecture<span class=\"screen-reader-text\"> de &laquo;&nbsp;2016-17 A Plumes \u00e0 Poils&nbsp;&raquo;<\/span><\/a><\/p>\n","protected":false},"author":5,"featured_media":0,"parent":9937,"menu_order":5,"comment_status":"open","ping_status":"open","template":"","meta":{"ngg_post_thumbnail":0,"footnotes":""},"class_list":["post-7572","page","type-page","status-publish","hentry"],"_links":{"self":[{"href":"http:\/\/www.lespolissonsdelachanson.fr\/outil\/index.php?rest_route=\/wp\/v2\/pages\/7572","targetHints":{"allow":["GET"]}}],"collection":[{"href":"http:\/\/www.lespolissonsdelachanson.fr\/outil\/index.php?rest_route=\/wp\/v2\/pages"}],"about":[{"href":"http:\/\/www.lespolissonsdelachanson.fr\/outil\/index.php?rest_route=\/wp\/v2\/types\/page"}],"author":[{"embeddable":true,"href":"http:\/\/www.lespolissonsdelachanson.fr\/outil\/index.php?rest_route=\/wp\/v2\/users\/5"}],"replies":[{"embeddable":true,"href":"http:\/\/www.lespolissonsdelachanson.fr\/outil\/index.php?rest_route=%2Fwp%2Fv2%2Fcomments&post=7572"}],"version-history":[{"count":13,"href":"http:\/\/www.lespolissonsdelachanson.fr\/outil\/index.php?rest_route=\/wp\/v2\/pages\/7572\/revisions"}],"predecessor-version":[{"id":10616,"href":"http:\/\/www.lespolissonsdelachanson.fr\/outil\/index.php?rest_route=\/wp\/v2\/pages\/7572\/revisions\/10616"}],"up":[{"embeddable":true,"href":"http:\/\/www.lespolissonsdelachanson.fr\/outil\/index.php?rest_route=\/wp\/v2\/pages\/9937"}],"wp:attachment":[{"href":"http:\/\/www.lespolissonsdelachanson.fr\/outil\/index.php?rest_route=%2Fwp%2Fv2%2Fmedia&parent=7572"}],"curies":[{"name":"wp","href":"https:\/\/api.w.org\/{rel}","templated":true}]}}