{"id":2173,"date":"2010-05-31T14:45:20","date_gmt":"2010-05-31T12:45:20","guid":{"rendered":"http:\/\/www.lespolissonsdelachanson.fr\/outil\/?page_id=2173"},"modified":"2023-01-30T09:20:40","modified_gmt":"2023-01-30T08:20:40","slug":"2010-le-voyage-et-laventure","status":"publish","type":"page","link":"http:\/\/www.lespolissonsdelachanson.fr\/outil\/?page_id=2173","title":{"rendered":"2010 Le voyage et l&rsquo;aventure"},"content":{"rendered":"<p style=\"text-align: center;\"><img loading=\"lazy\" decoding=\"async\" class=\"aligncenter size-full wp-image-2174\" title=\"cabaret-voyage-et-aventure-encadre\" src=\"http:\/\/www.lespolissonsdelachanson.fr\/outil\/wp-content\/uploads\/2010\/05\/cabaret-voyage-et-aventure-encadre.jpg\" alt=\"cabaret-voyage-et-aventure-encadre\" width=\"504\" height=\"672\" srcset=\"http:\/\/www.lespolissonsdelachanson.fr\/outil\/wp-content\/uploads\/2010\/05\/cabaret-voyage-et-aventure-encadre.jpg 720w, http:\/\/www.lespolissonsdelachanson.fr\/outil\/wp-content\/uploads\/2010\/05\/cabaret-voyage-et-aventure-encadre-112x150.jpg 112w, http:\/\/www.lespolissonsdelachanson.fr\/outil\/wp-content\/uploads\/2010\/05\/cabaret-voyage-et-aventure-encadre-225x300.jpg 225w\" sizes=\"auto, (max-width: 504px) 100vw, 504px\" \/><\/p>\n<p style=\"text-align: center;\"><img loading=\"lazy\" decoding=\"async\" class=\"aligncenter size-full wp-image-2181\" title=\"programme-cabaret-mai-2010\" src=\"http:\/\/www.lespolissonsdelachanson.fr\/outil\/wp-content\/uploads\/2010\/05\/programme-cabaret-mai-2010.jpg\" alt=\"programme-cabaret-mai-2010\" width=\"529\" height=\"741\" srcset=\"http:\/\/www.lespolissonsdelachanson.fr\/outil\/wp-content\/uploads\/2010\/05\/programme-cabaret-mai-2010.jpg 756w, http:\/\/www.lespolissonsdelachanson.fr\/outil\/wp-content\/uploads\/2010\/05\/programme-cabaret-mai-2010-107x150.jpg 107w, http:\/\/www.lespolissonsdelachanson.fr\/outil\/wp-content\/uploads\/2010\/05\/programme-cabaret-mai-2010-214x300.jpg 214w, http:\/\/www.lespolissonsdelachanson.fr\/outil\/wp-content\/uploads\/2010\/05\/programme-cabaret-mai-2010-731x1024.jpg 731w\" sizes=\"auto, (max-width: 529px) 100vw, 529px\" \/><\/p>\n<p style=\"text-align: center;\"><img loading=\"lazy\" decoding=\"async\" class=\"aligncenter size-full wp-image-2216\" title=\"programme-papier-cabaret-juin-2010\" src=\"http:\/\/www.lespolissonsdelachanson.fr\/outil\/wp-content\/uploads\/2010\/05\/programme-papier-cabaret-juin-2010.jpg\" alt=\"programme-papier-cabaret-juin-2010\" width=\"529\" height=\"741\" srcset=\"http:\/\/www.lespolissonsdelachanson.fr\/outil\/wp-content\/uploads\/2010\/05\/programme-papier-cabaret-juin-2010.jpg 756w, http:\/\/www.lespolissonsdelachanson.fr\/outil\/wp-content\/uploads\/2010\/05\/programme-papier-cabaret-juin-2010-107x150.jpg 107w, http:\/\/www.lespolissonsdelachanson.fr\/outil\/wp-content\/uploads\/2010\/05\/programme-papier-cabaret-juin-2010-214x300.jpg 214w, http:\/\/www.lespolissonsdelachanson.fr\/outil\/wp-content\/uploads\/2010\/05\/programme-papier-cabaret-juin-2010-731x1024.jpg 731w\" sizes=\"auto, (max-width: 529px) 100vw, 529px\" \/><\/p>\n<p style=\"text-align: center;\"><img loading=\"lazy\" decoding=\"async\" class=\"aligncenter size-full wp-image-2189\" title=\"imgp40521\" src=\"http:\/\/www.lespolissonsdelachanson.fr\/outil\/wp-content\/uploads\/2010\/05\/imgp40521.jpg\" alt=\"imgp40521\" width=\"581\" height=\"387\" srcset=\"http:\/\/www.lespolissonsdelachanson.fr\/outil\/wp-content\/uploads\/2010\/05\/imgp40521.jpg 1024w, http:\/\/www.lespolissonsdelachanson.fr\/outil\/wp-content\/uploads\/2010\/05\/imgp40521-150x100.jpg 150w, http:\/\/www.lespolissonsdelachanson.fr\/outil\/wp-content\/uploads\/2010\/05\/imgp40521-300x200.jpg 300w\" sizes=\"auto, (max-width: 581px) 100vw, 581px\" \/><\/p>\n<p style=\"text-align: center;\"><img loading=\"lazy\" decoding=\"async\" class=\"aligncenter size-full wp-image-2195\" title=\"imgp40941\" src=\"http:\/\/www.lespolissonsdelachanson.fr\/outil\/wp-content\/uploads\/2010\/05\/imgp40941.jpg\" alt=\"imgp40941\" width=\"581\" height=\"387\" srcset=\"http:\/\/www.lespolissonsdelachanson.fr\/outil\/wp-content\/uploads\/2010\/05\/imgp40941.jpg 1024w, http:\/\/www.lespolissonsdelachanson.fr\/outil\/wp-content\/uploads\/2010\/05\/imgp40941-150x100.jpg 150w, http:\/\/www.lespolissonsdelachanson.fr\/outil\/wp-content\/uploads\/2010\/05\/imgp40941-300x200.jpg 300w\" sizes=\"auto, (max-width: 581px) 100vw, 581px\" \/><\/p>\n<p style=\"text-align: center;\"><img loading=\"lazy\" decoding=\"async\" class=\"aligncenter size-full wp-image-2198\" title=\"imgp4131\" src=\"http:\/\/www.lespolissonsdelachanson.fr\/outil\/wp-content\/uploads\/2010\/05\/imgp4131.jpg\" alt=\"imgp4131\" width=\"581\" height=\"387\" srcset=\"http:\/\/www.lespolissonsdelachanson.fr\/outil\/wp-content\/uploads\/2010\/05\/imgp4131.jpg 1024w, http:\/\/www.lespolissonsdelachanson.fr\/outil\/wp-content\/uploads\/2010\/05\/imgp4131-150x100.jpg 150w, http:\/\/www.lespolissonsdelachanson.fr\/outil\/wp-content\/uploads\/2010\/05\/imgp4131-300x200.jpg 300w\" sizes=\"auto, (max-width: 581px) 100vw, 581px\" \/><\/p>\n<p style=\"text-align: left;\"><em><strong>LE COIN PRESSE<\/strong><\/em><\/p>\n<p style=\"text-align: center;\"><img loading=\"lazy\" decoding=\"async\" class=\"aligncenter size-full wp-image-2219\" title=\"ouest-france-5-juin\" src=\"http:\/\/www.lespolissonsdelachanson.fr\/outil\/wp-content\/uploads\/2010\/06\/ouest-france-5-juin.jpg\" alt=\"ouest-france-5-juin\" width=\"558\" height=\"502\" srcset=\"http:\/\/www.lespolissonsdelachanson.fr\/outil\/wp-content\/uploads\/2010\/06\/ouest-france-5-juin.jpg 885w, http:\/\/www.lespolissonsdelachanson.fr\/outil\/wp-content\/uploads\/2010\/06\/ouest-france-5-juin-150x135.jpg 150w, http:\/\/www.lespolissonsdelachanson.fr\/outil\/wp-content\/uploads\/2010\/06\/ouest-france-5-juin-300x270.jpg 300w\" sizes=\"auto, (max-width: 558px) 100vw, 558px\" \/><\/p>\n<p style=\"text-align: center;\"><img loading=\"lazy\" decoding=\"async\" class=\"aligncenter size-full wp-image-2235\" title=\"presse-cabaret\" src=\"http:\/\/www.lespolissonsdelachanson.fr\/outil\/wp-content\/uploads\/2010\/06\/presse-cabaret.jpg\" alt=\"presse-cabaret\" width=\"480\" height=\"683\" srcset=\"http:\/\/www.lespolissonsdelachanson.fr\/outil\/wp-content\/uploads\/2010\/06\/presse-cabaret.jpg 686w, http:\/\/www.lespolissonsdelachanson.fr\/outil\/wp-content\/uploads\/2010\/06\/presse-cabaret-105x150.jpg 105w, http:\/\/www.lespolissonsdelachanson.fr\/outil\/wp-content\/uploads\/2010\/06\/presse-cabaret-211x300.jpg 211w\" sizes=\"auto, (max-width: 480px) 100vw, 480px\" \/><\/p>\n<header class=\"article__header\">\n<h1 class=\"article__header__title\">Polissons. Une soir\u00e9e cabaret en tourn\u00e9e sur la presqu&rsquo;\u00eele<\/h1>\n<p><span class=\"article__header__date\">Le T\u00e9l\u00e9gramme, Publi\u00e9 le 19 mai 2010 \u00e0 00h00<\/span><\/header>\n<p><main class=\"article__main\"><\/p>\n<figure class=\"article__main__figure\"><img decoding=\"async\" class=\"article__main__img\" title=\"\" src=\"https:\/\/www.letelegramme.fr\/images\/2010\/05\/19\/921492_7453046-polissons1-v137a.jpg\" alt=\"Polissons. Une soir\u00e9e cabaret en tourn\u00e9e sur la presqu'\u00eele\"><\/figure>\n<div class=\"article__main__wrapper\">\n<div class=\"article__wrapper__content\">\n<div class=\"article__content noscript \"><span class=\"lettrine\">A<\/span>pr\u00e8s sa participation au vernissage de l&rsquo;exposition \u00abPetit Train de Rhuys: 100 ans\u00bb, en avril dernier \u00e0 Port-Navalo, les Polissons de la Chanson proposent un spectacle cabaret \u00abLe voyage et l&rsquo;aventure\u00bb (solos, duos sur les moyens de transport) dans les autres communes de la presqu&rsquo;\u00eele: Sarzeau, jeudi 20mai 20h30 au cin\u00e9ma Le Richemont; Saint-Gildas, samedi 5juin 20h30, salle Kercaradec; Saint-Armel, vendredi 24septembre 20h, salle Marie Lefranc; Le Tour-du-Parc, samedi 9octobre 20h30 salle polyvalente. Tarif: 7euros tarif unique, gratuit pour les moins de 12 ans. Les billets sont en vente \u00e0 l&rsquo;entr\u00e9e du concert.<\/div>\n<\/div>\n<\/div>\n<p><\/main><\/p>\n","protected":false},"excerpt":{"rendered":"<p>LE COIN PRESSE Polissons. Une soir\u00e9e cabaret en tourn\u00e9e sur la presqu&rsquo;\u00eele Le T\u00e9l\u00e9gramme, Publi\u00e9 le 19 mai 2010 \u00e0 00h00 Apr\u00e8s sa participation au vernissage de l&rsquo;exposition \u00abPetit Train de Rhuys: 100 ans\u00bb, en avril dernier \u00e0 Port-Navalo, les Polissons de la Chanson proposent un spectacle cabaret \u00abLe voyage et l&rsquo;aventure\u00bb (solos, duos sur &hellip; <\/p>\n<p class=\"link-more\"><a href=\"http:\/\/www.lespolissonsdelachanson.fr\/outil\/?page_id=2173\" class=\"more-link\">Continuer la lecture<span class=\"screen-reader-text\"> de &laquo;&nbsp;2010 Le voyage et l&rsquo;aventure&nbsp;&raquo;<\/span><\/a><\/p>\n","protected":false},"author":3,"featured_media":0,"parent":9937,"menu_order":17,"comment_status":"open","ping_status":"open","template":"","meta":{"ngg_post_thumbnail":0,"footnotes":""},"class_list":["post-2173","page","type-page","status-publish","hentry"],"_links":{"self":[{"href":"http:\/\/www.lespolissonsdelachanson.fr\/outil\/index.php?rest_route=\/wp\/v2\/pages\/2173","targetHints":{"allow":["GET"]}}],"collection":[{"href":"http:\/\/www.lespolissonsdelachanson.fr\/outil\/index.php?rest_route=\/wp\/v2\/pages"}],"about":[{"href":"http:\/\/www.lespolissonsdelachanson.fr\/outil\/index.php?rest_route=\/wp\/v2\/types\/page"}],"author":[{"embeddable":true,"href":"http:\/\/www.lespolissonsdelachanson.fr\/outil\/index.php?rest_route=\/wp\/v2\/users\/3"}],"replies":[{"embeddable":true,"href":"http:\/\/www.lespolissonsdelachanson.fr\/outil\/index.php?rest_route=%2Fwp%2Fv2%2Fcomments&post=2173"}],"version-history":[{"count":9,"href":"http:\/\/www.lespolissonsdelachanson.fr\/outil\/index.php?rest_route=\/wp\/v2\/pages\/2173\/revisions"}],"predecessor-version":[{"id":10332,"href":"http:\/\/www.lespolissonsdelachanson.fr\/outil\/index.php?rest_route=\/wp\/v2\/pages\/2173\/revisions\/10332"}],"up":[{"embeddable":true,"href":"http:\/\/www.lespolissonsdelachanson.fr\/outil\/index.php?rest_route=\/wp\/v2\/pages\/9937"}],"wp:attachment":[{"href":"http:\/\/www.lespolissonsdelachanson.fr\/outil\/index.php?rest_route=%2Fwp%2Fv2%2Fmedia&parent=2173"}],"curies":[{"name":"wp","href":"https:\/\/api.w.org\/{rel}","templated":true}]}}